[INFO] cloning repository https://github.com/cholcombe973/rusix
[INFO] running `Command { std: "git" "-c" "credential.helper=" "-c" "credential.helper=/workspace/cargo-home/bin/git-credential-null" "clone" "--bare" "https://github.com/cholcombe973/rusix" "/workspace/cache/git-repos/https%3A%2F%2Fgithub.com%2Fcholcombe973%2Frusix", kill_on_drop: false }`
[INFO] [stderr] Cloning into bare repository '/workspace/cache/git-repos/https%3A%2F%2Fgithub.com%2Fcholcombe973%2Frusix'...
[INFO] running `Command { std: "git" "rev-parse" "HEAD", kill_on_drop: false }`
[INFO] [stdout] 48ff47509f6509e5ec28b25a50fde50c89f6024c
[INFO] checking cholcombe973/rusix against try#72f88fc4e9458f89516a0b8b0868f3718aec5b47 for pr-74989
[INFO] running `Command { std: "git" "clone" "/workspace/cache/git-repos/https%3A%2F%2Fgithub.com%2Fcholcombe973%2Frusix" "/workspace/builds/worker-4/source", kill_on_drop: false }`
[INFO] [stderr] Cloning into '/workspace/builds/worker-4/source'...
[INFO] [stderr] done.
[INFO] validating manifest of git repo https://github.com/cholcombe973/rusix on toolchain 72f88fc4e9458f89516a0b8b0868f3718aec5b47
[INFO] running `Command { std: "/workspace/cargo-home/bin/cargo" "+72f88fc4e9458f89516a0b8b0868f3718aec5b47" "read-manifest" "--manifest-path" "Cargo.toml", kill_on_drop: false }`
[INFO] started tweaking git repo https://github.com/cholcombe973/rusix
[INFO] removed workspace from git repo https://github.com/cholcombe973/rusix
[INFO] removed path dependency api from git repo https://github.com/cholcombe973/rusix
[INFO] finished tweaking git repo https://github.com/cholcombe973/rusix
[INFO] tweaked toml for git repo https://github.com/cholcombe973/rusix written to /workspace/builds/worker-4/source/Cargo.toml
[INFO] crate git repo https://github.com/cholcombe973/rusix already has a lockfile, it will not be regenerated
[INFO] running `Command { std: "/workspace/cargo-home/bin/cargo" "+72f88fc4e9458f89516a0b8b0868f3718aec5b47" "fetch" "--locked" "--manifest-path" "Cargo.toml", kill_on_drop: false }`
[INFO] [stderr] warning: dependency (api) specified without providing a local path, Git repository, or version to use. This will be considered an error in future versions
[INFO] [stderr]     Updating crates.io index
[INFO] [stderr]     Updating git repository `https://github.com/cholcombe973/block-utils`
[INFO] [stderr]     Updating git repository `https://github.com/cholcombe973/dmi`
[INFO] [stderr] error: the lock file /workspace/builds/worker-4/source/Cargo.lock needs to be updated but --locked was passed to prevent this
[INFO] [stderr] If you want to try to generate the lock file without accessing the network, use the --offline flag.
[INFO] the lockfile is outdated, regenerating it
[INFO] running `Command { std: "/workspace/cargo-home/bin/cargo" "+72f88fc4e9458f89516a0b8b0868f3718aec5b47" "generate-lockfile" "--manifest-path" "Cargo.toml" "-Zno-index-update", kill_on_drop: false }`
[INFO] [stderr]     Blocking waiting for file lock on package cache
[INFO] [stderr]     Updating git repository `https://github.com/cholcombe973/block-utils`
[INFO] [stderr]     Updating git repository `https://github.com/cholcombe973/dmi`
[INFO] running `Command { std: "/workspace/cargo-home/bin/cargo" "+72f88fc4e9458f89516a0b8b0868f3718aec5b47" "fetch" "--locked" "--manifest-path" "Cargo.toml", kill_on_drop: false }`
[INFO] [stderr] warning: dependency (api) specified without providing a local path, Git repository, or version to use. This will be considered an error in future versions
[INFO] [stderr]  Downloading crates ...
[INFO] [stderr]   Downloaded uname v0.1.1
[INFO] [stderr]   Downloaded zmq-sys v0.8.3
[INFO] [stderr]   Downloaded zmq v0.8.3
[INFO] [stderr]   Downloaded rusqlite v0.24.0
[INFO] [stderr]   Downloaded static_assertions v1.1.0
[INFO] [stderr]   Downloaded const_fn v0.4.2
[INFO] [stderr]   Downloaded fstab v0.3.1
[INFO] [stderr]   Downloaded shellscript v0.3.1
[INFO] [stderr]   Downloaded json v0.12.4
[INFO] [stderr]   Downloaded udev v0.4.0
[INFO] [stderr]   Downloaded time v0.2.19
[INFO] [stderr]   Downloaded case v0.1.0
[INFO] [stderr]   Downloaded lexical-core v0.7.4
[INFO] [stderr]   Downloaded libsqlite3-sys v0.20.0
[INFO] [stderr]   Downloaded derive-error v0.0.4
[INFO] [stderr]   Downloaded standback v0.2.10
[INFO] [stderr]   Downloaded plain v0.1.0
[INFO] [stderr]   Downloaded rendezvous_hash v0.3.0
[INFO] [stderr]   Downloaded fstab v0.4.0
[INFO] [stderr]   Downloaded libatasmart-sys v0.1.2
[INFO] [stderr]   Downloaded libatasmart v0.3.0
[INFO] running `Command { std: "docker" "create" "-v" "/var/lib/crater-agent-workspace/builds/worker-4/target:/opt/rustwide/target:rw,Z" "-v" "/var/lib/crater-agent-workspace/builds/worker-4/source:/opt/rustwide/workdir:ro,Z" "-v" "/var/lib/crater-agent-workspace/cargo-home:/opt/rustwide/cargo-home:ro,Z" "-v" "/var/lib/crater-agent-workspace/rustup-home:/opt/rustwide/rustup-home:ro,Z" "-e" "SOURCE_DIR=/opt/rustwide/workdir" "-e" "CARGO_TARGET_DIR=/opt/rustwide/target" "-e" "CARGO_HOME=/opt/rustwide/cargo-home" "-e" "RUSTUP_HOME=/opt/rustwide/rustup-home" "-w" "/opt/rustwide/workdir" "-m" "1610612736" "--user" "0:0" "--network" "none" "rustops/crates-build-env@sha256:d92eaeed33fa75130ca1ee6c8a01d1ffb62bac859dfdfb3450e3e5d1c0146529" "/opt/rustwide/cargo-home/bin/cargo" "+72f88fc4e9458f89516a0b8b0868f3718aec5b47" "metadata" "--no-deps" "--format-version=1", kill_on_drop: false }`
[INFO] [stdout] 69eae3b8dc69fc833094b5297cb2c5b25a5fa3acbf1547149c3eacd2d33f8565
[INFO] [stderr] WARNING: Your kernel does not support swap limit capabilities or the cgroup is not mounted. Memory limited without swap.
[INFO] running `Command { std: "docker" "start" "-a" "69eae3b8dc69fc833094b5297cb2c5b25a5fa3acbf1547149c3eacd2d33f8565", kill_on_drop: false }`
[INFO] running `Command { std: "docker" "inspect" "69eae3b8dc69fc833094b5297cb2c5b25a5fa3acbf1547149c3eacd2d33f8565", kill_on_drop: false }`
[INFO] running `Command { std: "docker" "rm" "-f" "69eae3b8dc69fc833094b5297cb2c5b25a5fa3acbf1547149c3eacd2d33f8565", kill_on_drop: false }`
[INFO] [stdout] 69eae3b8dc69fc833094b5297cb2c5b25a5fa3acbf1547149c3eacd2d33f8565
[INFO] running `Command { std: "docker" "create" "-v" "/var/lib/crater-agent-workspace/builds/worker-4/target:/opt/rustwide/target:rw,Z" "-v" "/var/lib/crater-agent-workspace/builds/worker-4/source:/opt/rustwide/workdir:ro,Z" "-v" "/var/lib/crater-agent-workspace/cargo-home:/opt/rustwide/cargo-home:ro,Z" "-v" "/var/lib/crater-agent-workspace/rustup-home:/opt/rustwide/rustup-home:ro,Z" "-e" "SOURCE_DIR=/opt/rustwide/workdir" "-e" "CARGO_TARGET_DIR=/opt/rustwide/target" "-e" "CARGO_INCREMENTAL=0" "-e" "RUST_BACKTRACE=full" "-e" "RUSTFLAGS=--cap-lints=forbid" "-e" "CARGO_HOME=/opt/rustwide/cargo-home" "-e" "RUSTUP_HOME=/opt/rustwide/rustup-home" "-w" "/opt/rustwide/workdir" "-m" "1610612736" "--user" "0:0" "--network" "none" "rustops/crates-build-env@sha256:d92eaeed33fa75130ca1ee6c8a01d1ffb62bac859dfdfb3450e3e5d1c0146529" "/opt/rustwide/cargo-home/bin/cargo" "+72f88fc4e9458f89516a0b8b0868f3718aec5b47" "check" "--frozen" "--all" "--all-targets" "--message-format=json", kill_on_drop: false }`
[INFO] [stdout] 11ef64220df69e569e7a5dad703f45c97f90a97d738fc1b3a12fa9460fb1a20e
[INFO] [stderr] WARNING: Your kernel does not support swap limit capabilities or the cgroup is not mounted. Memory limited without swap.
[INFO] running `Command { std: "docker" "start" "-a" "11ef64220df69e569e7a5dad703f45c97f90a97d738fc1b3a12fa9460fb1a20e", kill_on_drop: false }`
[INFO] [stderr] warning: dependency (api) specified without providing a local path, Git repository, or version to use. This will be considered an error in future versions
[INFO] [stderr]    Compiling autocfg v1.0.1
[INFO] [stderr]     Checking cfg-if v0.1.10
[INFO] [stderr]    Compiling version_check v0.9.2
[INFO] [stderr]    Compiling pkg-config v0.3.18
[INFO] [stderr]    Compiling proc-macro2 v1.0.21
[INFO] [stderr]    Compiling unicode-xid v0.2.1
[INFO] [stderr]    Compiling syn v1.0.40
[INFO] [stderr]    Compiling maybe-uninit v2.0.0
[INFO] [stderr]    Compiling byteorder v1.3.4
[INFO] [stderr]    Compiling bitflags v1.2.1
[INFO] [stderr]     Checking either v1.6.0
[INFO] [stderr]    Compiling memchr v2.3.3
[INFO] [stderr]     Checking scopeguard v1.1.0
[INFO] [stderr]     Checking tinyvec v0.3.4
[INFO] [stderr]    Compiling autocfg v0.1.7
[INFO] [stderr]     Checking itoa v0.4.6
[INFO] [stderr]     Checking fnv v1.0.7
[INFO] [stderr]    Compiling serde_derive v1.0.116
[INFO] [stderr]    Compiling serde v1.0.116
[INFO] [stderr]    Compiling cc v1.0.59
[INFO] [stderr]     Checking adler v0.2.3
[INFO] [stderr]     Checking gimli v0.22.0
[INFO] [stderr]    Compiling proc-macro-hack v0.5.18
[INFO] [stderr]    Compiling getrandom v0.1.15
[INFO] [stderr]     Checking object v0.20.0
[INFO] [stderr]    Compiling failure_derive v0.1.8
[INFO] [stderr]     Checking regex-syntax v0.6.18
[INFO] [stderr]    Compiling openssl v0.10.30
[INFO] [stderr]    Compiling pin-project-internal v0.4.23
[INFO] [stderr]     Checking hashbrown v0.9.0
[INFO] [stderr]     Checking try-lock v0.2.3
[INFO] [stderr]    Compiling native-tls v0.2.4
[INFO] [stderr]    Compiling proc-macro-nested v0.1.6
[INFO] [stderr]    Compiling unicode-xid v0.0.4
[INFO] [stderr]    Compiling encoding_rs v0.8.24
[INFO] [stderr]    Compiling rayon-core v1.8.0
[INFO] [stderr]     Checking futures-sink v0.3.5
[INFO] [stderr]     Checking ppv-lite86 v0.2.9
[INFO] [stderr]     Checking futures-core v0.3.5
[INFO] [stderr]     Checking dtoa v0.4.6
[INFO] [stderr]    Compiling const_fn v0.4.2
[INFO] [stderr]    Compiling nix v0.17.0
[INFO] [stderr]     Checking futures-io v0.3.5
[INFO] [stderr]     Checking pin-utils v0.1.0
[INFO] [stderr]     Checking mime v0.3.16
[INFO] [stderr]    Compiling quote v0.3.15
[INFO] [stderr]     Checking void v1.0.2
[INFO] [stderr]     Checking unicode-width v0.1.8
[INFO] [stderr]     Checking linked-hash-map v0.5.3
[INFO] [stderr]     Checking remove_dir_all v0.5.3
[INFO] [stderr]     Checking hex v0.3.2
[INFO] [stderr]     Checking termcolor v1.1.0
[INFO] [stderr]     Checking plain v0.1.0
[INFO] [stderr]     Checking fallible-iterator v0.2.0
[INFO] [stderr]     Checking fallible-streaming-iterator v0.1.9
[INFO] [stderr]     Checking init-daemon v0.1.0
[INFO] [stderr]     Checking api v0.2.0
[INFO] [stderr]     Checking rendezvous_hash v0.3.0
[INFO] [stderr]     Checking json v0.12.4
[INFO] [stderr]     Checking thread_local v1.0.1
[INFO] [stderr]     Checking try_from v0.3.2
[INFO] [stderr]     Checking lock_api v0.3.4
[INFO] [stderr]     Checking tokio-sync v0.1.8
[INFO] [stderr]    Compiling ryu v1.0.5
[INFO] [stderr]    Compiling metadeps v1.1.2
[INFO] [stderr]     Checking unicode-normalization v0.1.13
[INFO] [stderr]    Compiling serde_json v1.0.57
[INFO] [stderr]    Compiling unicase v2.6.0
[INFO] [stderr]    Compiling standback v0.2.10
[INFO] [stderr]    Compiling error-chain v0.12.4
[INFO] [stderr]    Compiling nom v5.1.2
[INFO] [stderr]    Compiling time v0.2.19
[INFO] [stderr]    Compiling crossbeam-utils v0.7.2
[INFO] [stderr]    Compiling memoffset v0.5.5
[INFO] [stderr]    Compiling crossbeam-epoch v0.8.2
[INFO] [stderr]    Compiling miniz_oxide v0.4.2
[INFO] [stderr]    Compiling indexmap v1.6.0
[INFO] [stderr]    Compiling num-traits v0.2.12
[INFO] [stderr]    Compiling num-integer v0.1.43
[INFO] [stderr]    Compiling rayon v1.4.0
[INFO] [stderr]    Compiling rand_pcg v0.1.2
[INFO] [stderr]    Compiling rand_chacha v0.1.1
[INFO] [stderr]    Compiling rand v0.6.5
[INFO] [stderr]    Compiling synom v0.11.3
[INFO] [stderr]     Checking futures-channel v0.3.5
[INFO] [stderr]    Compiling libudev-sys v0.1.4
[INFO] [stderr]    Compiling libsqlite3-sys v0.20.0
[INFO] [stderr]     Checking textwrap v0.11.0
[INFO] [stderr]     Checking dmi v0.1.0 (https://github.com/cholcombe973/dmi#9302e4f7)
[INFO] [stderr]     Checking lru-cache v0.1.2
[INFO] [stderr]     Checking log v0.4.11
[INFO] [stderr]     Checking crc32fast v1.2.0
[INFO] [stderr]    Compiling zmq-sys v0.8.3
[INFO] [stderr]     Checking iovec v0.1.4
[INFO] [stderr]     Checking net2 v0.2.35
[INFO] [stderr]     Checking time v0.1.44
[INFO] [stderr]     Checking rand_os v0.1.3
[INFO] [stderr]     Checking libatasmart-sys v0.1.2
[INFO] [stderr]     Checking atty v0.2.14
[INFO] [stderr]     Checking uname v0.1.1
[INFO] [stderr]    Compiling parking_lot_core v0.6.2
[INFO] [stderr]    Compiling parking_lot v0.9.0
[INFO] [stderr]    Compiling syn v0.11.11
[INFO] [stderr]    Compiling openssl-sys v0.9.58
[INFO] [stderr]     Checking nix v0.18.0
[INFO] [stderr]     Checking lexical-core v0.7.4
[INFO] [stderr]     Checking smallvec v0.6.13
[INFO] [stderr]     Checking idna v0.1.5
[INFO] [stderr]     Checking idna v0.2.0
[INFO] [stderr]     Checking want v0.2.0
[INFO] [stderr]     Checking log v0.3.9
[INFO] [stderr]     Checking fstab v0.4.0
[INFO] [stderr]     Checking aho-corasick v0.7.13
[INFO] [stderr]     Checking futures-cpupool v0.1.8
[INFO] [stderr]     Checking tempdir v0.3.7
[INFO] [stderr]     Checking clap v2.33.3
[INFO] [stderr]     Checking bytes v0.4.12
[INFO] [stderr]     Checking base64 v0.10.1
[INFO] [stderr]     Checking rand_core v0.5.1
[INFO] [stderr]     Checking mio v0.6.22
[INFO] [stderr]    Compiling quote v1.0.7
[INFO] [stderr]     Checking addr2line v0.13.0
[INFO] [stderr]     Checking fstab v0.3.1
[INFO] [stderr]     Checking url v2.1.1
[INFO] [stderr]    Compiling mime_guess v2.0.3
[INFO] [stderr]     Checking url v1.7.2
[INFO] [stderr]     Checking tokio-executor v0.1.10
[INFO] [stderr]     Checking crossbeam-queue v0.2.3
[INFO] [stderr]     Checking crossbeam-channel v0.4.4
[INFO] [stderr]     Checking rand_chacha v0.2.2
[INFO] [stderr]     Checking udev v0.4.0
[INFO] [stderr]     Checking flate2 v1.0.17
[INFO] [stderr]     Checking backtrace v0.3.50
[INFO] [stderr]     Checking regex v1.3.9
[INFO] [stderr]     Checking tokio-io v0.1.13
[INFO] [stderr]     Checking http v0.1.21
[INFO] [stderr]     Checking tokio-buf v0.1.1
[INFO] [stderr]     Checking string v0.2.1
[INFO] [stderr]     Checking rusqlite v0.24.0
[INFO] [stderr]    Compiling zmq v0.8.3
[INFO] [stderr]     Checking tokio-current-thread v0.1.7
[INFO] [stderr]     Checking tokio-timer v0.2.13
[INFO] [stderr]     Checking crossbeam-deque v0.7.3
[INFO] [stderr]     Checking rand v0.7.3
[INFO] [stderr]     Checking cookie v0.12.0
[INFO] [stderr]     Checking error-chain v0.11.0
[INFO] [stderr]     Checking uuid v0.7.4
[INFO] [stderr]     Checking chrono v0.4.15
[INFO] [stderr]     Checking tokio-reactor v0.1.12
[INFO] [stderr]    Compiling derive-error v0.0.4
[INFO] [stderr]     Checking tokio-threadpool v0.1.18
[INFO] [stderr]     Checking publicsuffix v1.5.4
[INFO] [stderr]     Checking tokio-tcp v0.1.4
[INFO] [stderr]     Checking tokio v0.1.22
[INFO] [stderr]     Checking uuid v0.8.1
[INFO] [stderr]     Checking simplelog v0.8.0
[INFO] [stderr]     Checking libatasmart v0.3.0
[INFO] [stderr]     Checking http-body v0.1.0
[INFO] [stderr]     Checking h2 v0.1.26
[INFO] [stderr]     Checking hyper v0.12.35
[INFO] [stderr]    Compiling synstructure v0.12.4
[INFO] [stderr]     Checking hyper-tls v0.3.2
[INFO] [stderr]    Compiling futures-macro v0.3.5
[INFO] [stderr]    Compiling time-macros-impl v0.1.1
[INFO] [stderr]     Checking time-macros v0.1.0
[INFO] [stderr]     Checking failure v0.1.8
[INFO] [stderr]     Checking pin-project v0.4.23
[INFO] [stderr]     Checking futures-util v0.3.5
[INFO] [stderr]     Checking futures-executor v0.3.5
[INFO] [stderr]     Checking futures v0.3.5
[INFO] [stderr]     Checking serde_urlencoded v0.5.5
[INFO] [stderr]     Checking url_serde v0.2.0
[INFO] [stderr]     Checking toml v0.5.6
[INFO] [stderr]     Checking cookie_store v0.7.0
[INFO] [stderr]     Checking block-utils v0.8.2 (https://github.com/cholcombe973/block-utils#c767dcb9)
[INFO] [stderr]     Checking reqwest v0.9.24
[INFO] [stderr]     Checking slack-hook v0.8.0
[INFO] [stderr]     Checking rusix v0.1.0 (/opt/rustwide/workdir)
[INFO] [stdout] error[E0432]: unresolved import `self::api::service`
[INFO] [stdout]   --> src/pipeline/protocols/client.rs:22:16
[INFO] [stdout]    |
[INFO] [stdout] 22 | use self::api::service::*;
[INFO] [stdout]    |                ^^^^^^^ could not find `service` in `api`
[INFO] [stdout] 
[INFO] [stdout] 
[INFO] [stdout] error[E0432]: unresolved import `self::api::service`
[INFO] [stdout]   --> src/pipeline/protocols/server.rs:18:16
[INFO] [stdout]    |
[INFO] [stdout] 18 | use self::api::service::*;
[INFO] [stdout]    |                ^^^^^^^ could not find `service` in `api`
[INFO] [stdout] 
[INFO] [stdout] 
[INFO] [stdout] error[E0432]: unresolved import `self::api::service`
[INFO] [stdout]   --> src/pipeline/protocols/client.rs:22:16
[INFO] [stdout]    |
[INFO] [stdout] 22 | use self::api::service::*;
[INFO] [stdout]    |                ^^^^^^^ could not find `service` in `api`
[INFO] [stdout] 
[INFO] [stdout] 
[INFO] [stdout] error[E0432]: unresolved import `self::api::service`
[INFO] [stdout]   --> src/pipeline/protocols/server.rs:18:16
[INFO] [stdout]    |
[INFO] [stdout] 18 | use self::api::service::*;
[INFO] [stdout]    |                ^^^^^^^ could not find `service` in `api`
[INFO] [stdout] 
[INFO] [stdout] 
[INFO] [stdout] error[E0432]: unresolved imports `self::api::service`, `super::super::Value`, `super::super::Value`
[INFO] [stdout]   --> src/pipeline/mod.rs:21:16
[INFO] [stdout]    |
[INFO] [stdout] 21 | use self::api::service::*;
[INFO] [stdout]    |                ^^^^^^^ could not find `service` in `api`
[INFO] [stdout]    | 
[INFO] [stdout]   ::: src/pipeline/protocols/client.rs:27:5
[INFO] [stdout]    |
[INFO] [stdout] 27 | use super::super::Value;
[INFO] [stdout]    |     ^^^^^^^^^^^^^^^^^^^
[INFO] [stdout]    | 
[INFO] [stdout]   ::: src/pipeline/protocols/server.rs:21:5
[INFO] [stdout]    |
[INFO] [stdout] 21 | use super::super::Value;
[INFO] [stdout]    |     ^^^^^^^^^^^^^^^^^^^
[INFO] [stdout] 
[INFO] [stdout] 
[INFO] [stdout] error[E0432]: unresolved imports `self::api::service`, `super::super::Value`, `super::super::Value`
[INFO] [stdout]   --> src/pipeline/mod.rs:21:16
[INFO] [stdout]    |
[INFO] [stdout] 21 | use self::api::service::*;
[INFO] [stdout]    |                ^^^^^^^ could not find `service` in `api`
[INFO] [stdout]    | 
[INFO] [stdout]   ::: src/pipeline/protocols/client.rs:27:5
[INFO] [stdout]    |
[INFO] [stdout] 27 | use super::super::Value;
[INFO] [stdout]    |     ^^^^^^^^^^^^^^^^^^^
[INFO] [stdout]    | 
[INFO] [stdout]   ::: src/pipeline/protocols/server.rs:21:5
[INFO] [stdout]    |
[INFO] [stdout] 21 | use super::super::Value;
[INFO] [stdout]    |     ^^^^^^^^^^^^^^^^^^^
[INFO] [stdout] 
[INFO] [stdout] 
[INFO] [stdout] error[E0412]: cannot find type `Fop` in this scope
[INFO] [stdout]   --> src/pipeline/protocols/client.rs:49:19
[INFO] [stdout]    |
[INFO] [stdout] 49 |         io_type: &Fop,
[INFO] [stdout]    |                   ^^^ not found in this scope
[INFO] [stdout] 
[INFO] [stdout] 
[INFO] [stdout] error[E0412]: cannot find type `FileOperation` in this scope
[INFO] [stdout]   --> src/pipeline/protocols/client.rs:50:20
[INFO] [stdout]    |
[INFO] [stdout] 50 |         data: &mut FileOperation,
[INFO] [stdout]    |                    ^^^^^^^^^^^^^ not found in this scope
[INFO] [stdout] 
[INFO] [stdout] 
[INFO] [stdout] error[E0412]: cannot find type `Fop` in this scope
[INFO] [stdout]   --> src/pipeline/protocols/server.rs:47:41
[INFO] [stdout]    |
[INFO] [stdout] 47 |     pub fn process_fop(&self, io_type: &Fop, data: &mut FileOperation) -> Result<(), String> {
[INFO] [stdout]    |                                         ^^^ not found in this scope
[INFO] [stdout] 
[INFO] [stdout] 
[INFO] [stdout] error[E0412]: cannot find type `FileOperation` in this scope
[INFO] [stdout]   --> src/pipeline/protocols/server.rs:47:57
[INFO] [stdout]    |
[INFO] [stdout] 47 |     pub fn process_fop(&self, io_type: &Fop, data: &mut FileOperation) -> Result<(), String> {
[INFO] [stdout]    |                                                         ^^^^^^^^^^^^^ not found in this scope
[INFO] [stdout] 
[INFO] [stdout] 
[INFO] [stdout] error[E0412]: cannot find type `Fop` in this scope
[INFO] [stdout]   --> src/pipeline/mod.rs:80:19
[INFO] [stdout]    |
[INFO] [stdout] 80 |         io_type: &Fop,
[INFO] [stdout]    |                   ^^^ not found in this scope
[INFO] [stdout] 
[INFO] [stdout] 
[INFO] [stdout] error[E0412]: cannot find type `FileOperation` in this scope
[INFO] [stdout]   --> src/pipeline/mod.rs:81:20
[INFO] [stdout]    |
[INFO] [stdout] 81 |         data: &mut FileOperation,
[INFO] [stdout]    |                    ^^^^^^^^^^^^^ not found in this scope
[INFO] [stdout] 
[INFO] [stdout] 
[INFO] [stdout] error[E0412]: cannot find type `Fop` in this scope
[INFO] [stdout]   --> src/pipeline/mod.rs:82:19
[INFO] [stdout]    |
[INFO] [stdout] 70 | pub trait PipelinePlugin {
[INFO] [stdout]    |                         - help: you might be missing a type parameter: `<Fop>`
[INFO] [stdout] ...
[INFO] [stdout] 82 |     ) -> Result<(&Fop, &mut FileOperation), String>;
[INFO] [stdout]    |                   ^^^ not found in this scope
[INFO] [stdout] 
[INFO] [stdout] 
[INFO] [stdout] error[E0412]: cannot find type `FileOperation` in this scope
[INFO] [stdout]   --> src/pipeline/mod.rs:82:29
[INFO] [stdout]    |
[INFO] [stdout] 70 | pub trait PipelinePlugin {
[INFO] [stdout]    |                         - help: you might be missing a type parameter: `<FileOperation>`
[INFO] [stdout] ...
[INFO] [stdout] 82 |     ) -> Result<(&Fop, &mut FileOperation), String>;
[INFO] [stdout]    |                             ^^^^^^^^^^^^^ not found in this scope
[INFO] [stdout] 
[INFO] [stdout] 
[INFO] [stdout] error[E0412]: cannot find type `Fop` in this scope
[INFO] [stdout]   --> src/pipeline/mod.rs:89:15
[INFO] [stdout]    |
[INFO] [stdout] 89 |     io_type: &Fop,
[INFO] [stdout]    |               ^^^ not found in this scope
[INFO] [stdout] 
[INFO] [stdout] 
[INFO] [stdout] error[E0412]: cannot find type `FileOperation` in this scope
[INFO] [stdout]   --> src/pipeline/mod.rs:90:16
[INFO] [stdout]    |
[INFO] [stdout] 90 |     data: &mut FileOperation,
[INFO] [stdout]    |                ^^^^^^^^^^^^^ not found in this scope
[INFO] [stdout] 
[INFO] [stdout] 
[INFO] [stdout] warning: unused import: `self::uuid::Uuid`
[INFO] [stdout]   --> src/lib/config.rs:18:5
[INFO] [stdout]    |
[INFO] [stdout] 18 | use self::uuid::Uuid;
[INFO] [stdout]    |     ^^^^^^^^^^^^^^^^
[INFO] [stdout]    |
[INFO] [stdout]    = note: `#[warn(unused_imports)]` on by default
[INFO] [stdout] 
[INFO] [stdout] 
[INFO] [stdout] warning: unused import: `self::rendezvous_hash::Node`
[INFO] [stdout]   --> src/lib/layout/mod.rs:12:5
[INFO] [stdout]    |
[INFO] [stdout] 12 | use self::rendezvous_hash::Node;
[INFO] [stdout]    |     ^^^^^^^^^^^^^^^^^^^^^^^^^^^
[INFO] [stdout] 
[INFO] [stdout] 
[INFO] [stdout] warning: unused import: `std::net::IpAddr`
[INFO] [stdout]   --> src/lib/layout/distribute.rs:13:5
[INFO] [stdout]    |
[INFO] [stdout] 13 | use std::net::IpAddr;
[INFO] [stdout]    |     ^^^^^^^^^^^^^^^^
[INFO] [stdout] 
[INFO] [stdout] 
[INFO] [stdout] warning: unused import: `std::thread`
[INFO] [stdout]   --> src/pipeline/protocols/client.rs:19:5
[INFO] [stdout]    |
[INFO] [stdout] 19 | use std::thread;
[INFO] [stdout]    |     ^^^^^^^^^^^
[INFO] [stdout] 
[INFO] [stdout] 
[INFO] [stdout] warning: unused import: `std::thread::JoinHandle`
[INFO] [stdout]   --> src/pipeline/protocols/client.rs:20:5
[INFO] [stdout]    |
[INFO] [stdout] 20 | use std::thread::JoinHandle;
[INFO] [stdout]    |     ^^^^^^^^^^^^^^^^^^^^^^^
[INFO] [stdout] 
[INFO] [stdout] 
[INFO] [stdout] warning: unused import: `self::futures::Future`
[INFO] [stdout]   --> src/pipeline/protocols/client.rs:23:5
[INFO] [stdout]    |
[INFO] [stdout] 23 | use self::futures::Future;
[INFO] [stdout]    |     ^^^^^^^^^^^^^^^^^^^^^
[INFO] [stdout] 
[INFO] [stdout] 
[INFO] [stdout] warning: unused import: `self::futures::Future`
[INFO] [stdout]   --> src/pipeline/protocols/server.rs:19:5
[INFO] [stdout]    |
[INFO] [stdout] 19 | use self::futures::Future;
[INFO] [stdout]    |     ^^^^^^^^^^^^^^^^^^^^^
[INFO] [stdout] 
[INFO] [stdout] 
[INFO] [stdout] warning: unused import: `self::futures_cpupool::CpuPool`
[INFO] [stdout]   --> src/pipeline/protocols/server.rs:20:5
[INFO] [stdout]    |
[INFO] [stdout] 20 | use self::futures_cpupool::CpuPool;
[INFO] [stdout]    |     ^^^^^^^^^^^^^^^^^^^^^^^^^^^^^^
[INFO] [stdout] 
[INFO] [stdout] 
[INFO] [stdout] warning: unused import: `self::nix::errno::Errno`
[INFO] [stdout]   --> src/pipeline/mod.rs:22:5
[INFO] [stdout]    |
[INFO] [stdout] 22 | use self::nix::errno::Errno;
[INFO] [stdout]    |     ^^^^^^^^^^^^^^^^^^^^^^^
[INFO] [stdout] 
[INFO] [stdout] 
[INFO] [stdout] error[E0412]: cannot find type `Fop` in this scope
[INFO] [stdout]   --> src/pipeline/protocols/client.rs:49:19
[INFO] [stdout]    |
[INFO] [stdout] 49 |         io_type: &Fop,
[INFO] [stdout]    |                   ^^^ not found in this scope
[INFO] [stdout] 
[INFO] [stdout] 
[INFO] [stdout] error[E0412]: cannot find type `FileOperation` in this scope
[INFO] [stdout]   --> src/pipeline/protocols/client.rs:50:20
[INFO] [stdout]    |
[INFO] [stdout] 50 |         data: &mut FileOperation,
[INFO] [stdout]    |                    ^^^^^^^^^^^^^ not found in this scope
[INFO] [stdout] 
[INFO] [stdout] 
[INFO] [stdout] error[E0412]: cannot find type `Fop` in this scope
[INFO] [stdout]   --> src/pipeline/protocols/server.rs:47:41
[INFO] [stdout]    |
[INFO] [stdout] 47 |     pub fn process_fop(&self, io_type: &Fop, data: &mut FileOperation) -> Result<(), String> {
[INFO] [stdout]    |                                         ^^^ not found in this scope
[INFO] [stdout] 
[INFO] [stdout] 
[INFO] [stdout] error[E0412]: cannot find type `FileOperation` in this scope
[INFO] [stdout]   --> src/pipeline/protocols/server.rs:47:57
[INFO] [stdout]    |
[INFO] [stdout] 47 |     pub fn process_fop(&self, io_type: &Fop, data: &mut FileOperation) -> Result<(), String> {
[INFO] [stdout]    |                                                         ^^^^^^^^^^^^^ not found in this scope
[INFO] [stdout] 
[INFO] [stdout] 
[INFO] [stdout] error[E0412]: cannot find type `Fop` in this scope
[INFO] [stdout]   --> src/pipeline/mod.rs:80:19
[INFO] [stdout]    |
[INFO] [stdout] 80 |         io_type: &Fop,
[INFO] [stdout]    |                   ^^^ not found in this scope
[INFO] [stdout] 
[INFO] [stdout] 
[INFO] [stdout] error[E0412]: cannot find type `FileOperation` in this scope
[INFO] [stdout]   --> src/pipeline/mod.rs:81:20
[INFO] [stdout]    |
[INFO] [stdout] 81 |         data: &mut FileOperation,
[INFO] [stdout]    |                    ^^^^^^^^^^^^^ not found in this scope
[INFO] [stdout] 
[INFO] [stdout] 
[INFO] [stdout] error[E0412]: cannot find type `Fop` in this scope
[INFO] [stdout]   --> src/pipeline/mod.rs:82:19
[INFO] [stdout]    |
[INFO] [stdout] 70 | pub trait PipelinePlugin {
[INFO] [stdout]    |                         - help: you might be missing a type parameter: `<Fop>`
[INFO] [stdout] ...
[INFO] [stdout] 82 |     ) -> Result<(&Fop, &mut FileOperation), String>;
[INFO] [stdout]    |                   ^^^ not found in this scope
[INFO] [stdout] 
[INFO] [stdout] 
[INFO] [stdout] error[E0412]: cannot find type `FileOperation` in this scope
[INFO] [stdout]   --> src/pipeline/mod.rs:82:29
[INFO] [stdout]    |
[INFO] [stdout] 70 | pub trait PipelinePlugin {
[INFO] [stdout]    |                         - help: you might be missing a type parameter: `<FileOperation>`
[INFO] [stdout] ...
[INFO] [stdout] 82 |     ) -> Result<(&Fop, &mut FileOperation), String>;
[INFO] [stdout]    |                             ^^^^^^^^^^^^^ not found in this scope
[INFO] [stdout] 
[INFO] [stdout] 
[INFO] [stdout] error[E0412]: cannot find type `Fop` in this scope
[INFO] [stdout]   --> src/pipeline/mod.rs:89:15
[INFO] [stdout]    |
[INFO] [stdout] 89 |     io_type: &Fop,
[INFO] [stdout]    |               ^^^ not found in this scope
[INFO] [stdout] 
[INFO] [stdout] 
[INFO] [stdout] error[E0412]: cannot find type `FileOperation` in this scope
[INFO] [stdout]   --> src/pipeline/mod.rs:90:16
[INFO] [stdout]    |
[INFO] [stdout] 90 |     data: &mut FileOperation,
[INFO] [stdout]    |                ^^^^^^^^^^^^^ not found in this scope
[INFO] [stdout] 
[INFO] [stdout] 
[INFO] [stdout] warning: unused import: `self::uuid::Uuid`
[INFO] [stdout]   --> src/lib/config.rs:18:5
[INFO] [stdout]    |
[INFO] [stdout] 18 | use self::uuid::Uuid;
[INFO] [stdout]    |     ^^^^^^^^^^^^^^^^
[INFO] [stdout]    |
[INFO] [stdout]    = note: `#[warn(unused_imports)]` on by default
[INFO] [stdout] 
[INFO] [stdout] 
[INFO] [stdout] warning: unused import: `self::rendezvous_hash::Node`
[INFO] [stdout]   --> src/lib/layout/mod.rs:12:5
[INFO] [stdout]    |
[INFO] [stdout] 12 | use self::rendezvous_hash::Node;
[INFO] [stdout]    |     ^^^^^^^^^^^^^^^^^^^^^^^^^^^
[INFO] [stdout] 
[INFO] [stdout] 
[INFO] [stdout] warning: unused import: `std::net::IpAddr`
[INFO] [stdout]   --> src/lib/layout/distribute.rs:13:5
[INFO] [stdout]    |
[INFO] [stdout] 13 | use std::net::IpAddr;
[INFO] [stdout]    |     ^^^^^^^^^^^^^^^^
[INFO] [stdout] 
[INFO] [stdout] 
[INFO] [stdout] warning: unused import: `std::thread`
[INFO] [stdout]   --> src/pipeline/protocols/client.rs:19:5
[INFO] [stdout]    |
[INFO] [stdout] 19 | use std::thread;
[INFO] [stdout]    |     ^^^^^^^^^^^
[INFO] [stdout] 
[INFO] [stdout] 
[INFO] [stdout] warning: unused import: `std::thread::JoinHandle`
[INFO] [stdout]   --> src/pipeline/protocols/client.rs:20:5
[INFO] [stdout]    |
[INFO] [stdout] 20 | use std::thread::JoinHandle;
[INFO] [stdout]    |     ^^^^^^^^^^^^^^^^^^^^^^^
[INFO] [stdout] 
[INFO] [stdout] 
[INFO] [stdout] warning: unused import: `self::futures::Future`
[INFO] [stdout]   --> src/pipeline/protocols/client.rs:23:5
[INFO] [stdout]    |
[INFO] [stdout] 23 | use self::futures::Future;
[INFO] [stdout]    |     ^^^^^^^^^^^^^^^^^^^^^
[INFO] [stdout] 
[INFO] [stdout] 
[INFO] [stdout] warning: unused import: `self::futures::Future`
[INFO] [stdout]   --> src/pipeline/protocols/server.rs:19:5
[INFO] [stdout]    |
[INFO] [stdout] 19 | use self::futures::Future;
[INFO] [stdout]    |     ^^^^^^^^^^^^^^^^^^^^^
[INFO] [stdout] 
[INFO] [stdout] 
[INFO] [stdout] warning: unused import: `self::futures_cpupool::CpuPool`
[INFO] [stdout]   --> src/pipeline/protocols/server.rs:20:5
[INFO] [stdout]    |
[INFO] [stdout] 20 | use self::futures_cpupool::CpuPool;
[INFO] [stdout]    |     ^^^^^^^^^^^^^^^^^^^^^^^^^^^^^^
[INFO] [stdout] 
[INFO] [stdout] 
[INFO] [stdout] warning: unused import: `self::nix::errno::Errno`
[INFO] [stdout]   --> src/pipeline/mod.rs:22:5
[INFO] [stdout]    |
[INFO] [stdout] 22 | use self::nix::errno::Errno;
[INFO] [stdout]    |     ^^^^^^^^^^^^^^^^^^^^^^^
[INFO] [stdout] 
[INFO] [stdout] 
[INFO] [stdout] error[E0061]: this function takes 3 arguments but 2 arguments were supplied
[INFO] [stdout]   --> src/main.rs:27:5
[INFO] [stdout]    |
[INFO] [stdout] 27 |     TermLogger::init(simplelog::LevelFilter::Debug, Config::default()).unwrap();
[INFO] [stdout]    |     ^^^^^^^^^^^^^^^^ -----------------------------  ----------------- supplied 2 arguments
[INFO] [stdout]    |     |
[INFO] [stdout]    |     expected 3 arguments
[INFO] [stdout] 
[INFO] [stdout] 
[INFO] [stdout] error[E0061]: this function takes 3 arguments but 2 arguments were supplied
[INFO] [stdout]   --> src/main.rs:27:5
[INFO] [stdout]    |
[INFO] [stdout] 27 |     TermLogger::init(simplelog::LevelFilter::Debug, Config::default()).unwrap();
[INFO] [stdout]    |     ^^^^^^^^^^^^^^^^ -----------------------------  ----------------- supplied 2 arguments
[INFO] [stdout]    |     |
[INFO] [stdout]    |     expected 3 arguments
[INFO] [stdout] 
[INFO] [stdout] 
[INFO] [stdout] warning: unused import: `self::protobuf::Message`
[INFO] [stdout]   --> src/pipeline/protocols/client.rs:25:5
[INFO] [stdout]    |
[INFO] [stdout] 25 | use self::protobuf::Message;
[INFO] [stdout]    |     ^^^^^^^^^^^^^^^^^^^^^^^
[INFO] [stdout] 
[INFO] [stdout] 
[INFO] [stdout] error: aborting due to 14 previous errors; 10 warnings emitted
[INFO] [stdout] 
[INFO] [stdout] 
[INFO] [stdout] Some errors have detailed explanations: E0061, E0412, E0432.
[INFO] [stdout] 
[INFO] [stdout] For more information about an error, try `rustc --explain E0061`.
[INFO] [stdout] 
[INFO] [stdout] warning: unused import: `self::protobuf::Message`
[INFO] [stdout]   --> src/pipeline/protocols/client.rs:25:5
[INFO] [stdout]    |
[INFO] [stdout] 25 | use self::protobuf::Message;
[INFO] [stdout]    |     ^^^^^^^^^^^^^^^^^^^^^^^
[INFO] [stdout] 
[INFO] [stdout] 
[INFO] [stderr] error: could not compile `rusix`.
[INFO] [stdout] error: aborting due to 14 previous errors; 10 warnings emitted
[INFO] [stdout] 
[INFO] [stdout] 
[INFO] [stderr] 
[INFO] [stdout] Some errors have detailed explanations: E0061, E0412, E0432.
[INFO] [stdout] 
[INFO] [stderr] To learn more, run the command again with --verbose.
[INFO] [stdout] For more information about an error, try `rustc --explain E0061`.
[INFO] [stdout] 
[INFO] [stderr] warning: build failed, waiting for other jobs to finish...
[INFO] [stderr] error: build failed
[INFO] running `Command { std: "docker" "inspect" "11ef64220df69e569e7a5dad703f45c97f90a97d738fc1b3a12fa9460fb1a20e", kill_on_drop: false }`
[INFO] running `Command { std: "docker" "rm" "-f" "11ef64220df69e569e7a5dad703f45c97f90a97d738fc1b3a12fa9460fb1a20e", kill_on_drop: false }`
[INFO] [stdout] 11ef64220df69e569e7a5dad703f45c97f90a97d738fc1b3a12fa9460fb1a20e
